Determine v(68).
2
Let x(m) = -m**3 - 34*m**2 + 43*m + 203. What is x(-35)?
-77
Let u(l) = -2*l**2 - 14*l - 56. Determine u(-3).
-32
Let o(h) = -353*h**3 - 7*h**2 + 11*h - 4. Calculate o(1).
-353
Let t(l) = -l**3 - 13*l**2 + 68*l + 28. Give t(4).
28
Let o(r) = 250*r + 41993. Calculate o(-168).
-7
Let b(y) = -2441*y + 61017. Calculate b(25).
-8
Let h(q) = -3*q**3 + 176*q**2 - 6696. Calculate h(58).
32
Let b(h) = 511*h - 535. Calculate b(2).
487
Let j(g) = -38*g - 648. Calculate j(-17).
-2
Let p(q) = -797*q - 9567. Give p(-12).
-3
Let y(h) = -h**3 + 16*h**2 - 4*h - 60. Calculate y(14).
276
Let s(z) = 3*z**2 + 23*z + 223. What is s(-15)?
553
Let o(h) = h**2 - 252*h + 1235. Calculate o(5).
0
Let k(w) = 133*w + 666. Give k(-4).
134
Let v(k) = -3*k**2 + 612*k - 5266. What is v(9)?
-1
Let w(p) = -11*p**2 - 67*p + 206. Calculate w(-10).
-224
Let p(m) = -10*m**2 - 629*m + 75. Calculate p(-63).
12
Let u(y) = 346*y + 40135. Determine u(-116).
-1
Let p(g) = -14*g**2 - 81*g - 6. Calculate p(-6).
-24
Let w(z) = -z**3 + 11*z**2 + 4*z + 1. Determine w(14).
-531
Let a(s) = s**3 - 2*s**2 + 102*s - 544. Determine a(5).
41
Let w(g) = -64*g + 1485. What is w(23)?
13
Let y(d) = 6*d - 11. Calculate y(-2).
-23
Let r(m) = 46*m - 382. Determine r(8).
-14
Let x(f) = -20152*f - 141060. Determine x(-7).
4
Let a(l) = 336*l - 1345. What is a(4)?
-1
Let z(m) = -16*m - 521. Determine z(-32).
-9
Let x(s) = -s**3 + 25*s**2 + 443*s - 3256. Determine x(35).
-1
Let n(z) = -z**3 + 123*z**2 - 145*z + 2810. What is n(122)?
4
Let a(c) = -6*c**3 + 17*c**2 + 7*c - 9. Determine a(3).
3
Let n(g) = -g**3 - 2*g**2 + 3470*g + 20781. Give n(-6).
105
Let z(w) = -676*w - 1355. What is z(-2)?
-3
Let o(u) = 355*u + 2134. What is o(-6)?
4
Let b(n) = 2*n**3 - 19*n**2 - 6*n + 174. Determine b(11).
471
Let t(w) = 556*w + 6. Determine t(-1).
-550
Let i(y) = -y**2 + 75*y + 1361. Calculate i(-15).
11
Let c(j) = j**3 - 6*j**2 - 29*j + 150. Give c(7).
-4
Let y(t) = 2*t**2 + 39*t + 16. What is y(-16)?
-96
Let o(h) = 2*h**2 + 40*h - 37. What is o(1)?
5
Let b(g) = -7*g**2 - 26*g. Calculate b(-5).
-45
Let b(s) = -s**3 - 13*s**2 + 45*s - 14. Give b(-16).
34
Let k(o) = -5*o + 321. Calculate k(64).
1
Let n(s) = 53*s + 2. What is n(6)?
320
Let h(d) = 2541*d - 35580. Determine h(14).
-6
Let h(g) = -76*g - 8965. Give h(-118).
3
Let b(f) = -8*f**2 + 37*f + 105. What is b(7)?
-28
Let s(k) = k**3 + 6*k**2 + 10*k + 236. Determine s(-8).
28
Let w(p) = p**3 - 24*p**2 - 19*p - 140. What is w(25)?
10
Let x(w) = w**3 + 21*w**2 + 13*w + 2. Determine x(-19).
477
Let t(k) = k**3 + 294*k**2 + 6478*k - 50. What is t(-24)?
-2
Let t(v) = -v**3 + 16*v**2 + 37*v + 21. What is t(18)?
39
Let p(v) = 72*v - 1219. Determine p(16).
-67
Let n(h) = 91*h - 117. What is n(3)?
156
Let h(q) = -q**2 + 7*q + 2. Determine h(8).
-6
Let y(u) = 89*u - 93. Calculate y(1).
-4
Let q(r) = -40*r + 778. Determine q(19).
18
Let g(h) = -2*h**2 + 26*h - 78. Determine g(9).
-6
Let t(h) = -h**2 + 1312*h - 82231. Calculate t(66).
5
Let m(d) = d**3 + d**2 - 62*d - 46. Give m(-8).
2
Let l(h) = 439*h + 17558. Give l(-40).
-2
Let m(d) = d**3 - 26*d**2 + 17*d + 39. What is m(24)?
-705
Let r(k) = k**3 + 114*k**2 + 227*k + 336. Calculate r(-112).
0
Let l(s) = -121*s + 2760. Calculate l(23).
-23
Let q(a) = -a**2 + 464*a - 4990. Give q(11).
-7
Let f(m) = -16*m + 51. Calculate f(7).
-61
Let l(z) = -3*z + 94. Give l(20).
34
Let t(x) = -47*x**2 - 13627*x + 882. Give t(-290).
12
Let h(x) = -2*x**3 + x**2 - 255*x - 1055. Determine h(-4).
109
Let s(l) = -2102*l + 18914. What is s(9)?
-4
Let d(s) = 65*s - 717. Calculate d(10).
-67
Let d(y) = 26*y**3 + y**2 + 7*y + 16. Give d(-2).
-202
Let u(p) = -122*p - 218. Determine u(-2).
26
Let z(h) = -12*h**2 + 35*h + 98. What is z(5)?
-27
Let y(t) = -t**2 - 81*t - 508. Give y(-7).
10
Let q(g) = -610*g - 98827. What is q(-162)?
-7
Let i(b) = -285*b - 13685. Calculate i(-48).
-5
Let g(a) = 10*a**2 - 114*a + 31. Give g(11).
-13
Let o(r) = r**3 + 91*r**2 + 63*r - 2411. What is o(-90)?
19
Let a(t) = -14*t**3 - 5*t**2 + 5*t - 2. Determine a(1).
-16
Let d(i) = i**3 + 27*i**2 + 93*i - 64. Determine d(-5).
21
Let k(m) = 2049*m - 10311. Determine k(5).
-66
Let c(q) = 777*q + 3224. What is c(-4)?
116
Let i(l) = 56*l + 505. Calculate i(-9).
1
Let x(g) = g**3 + 2*g**2 + 71*g + 142. What is x(-2)?
0
Let p(g) = -30*g + 394. Calculate p(20).
-206
Let q(x) = -x**3 + 6*x**2 + 62*x - 7. Calculate q(-5).
-42
Let w(v) = 8027*v - 88296. Determine w(11).
1
Let b(n) = -9*n**2 - 8*n + 6. What is b(3)?
-99
Let d(a) = a**3 + 19*a**2 - 44*a + 494. Calculate d(-22).
10
Let f(p) = -2*p**2 + 57*p + 319. Calculate f(-5).
-16
Let y(v) = -2*v**2 - 823*v - 20043. Calculate y(-26).
3
Let m(s) = 220*s + 9492. What is m(-43)?
32
Let d(y) = 5*y**2 - 20*y - 162. Determine d(8).
-2
Let m(z) = 27*z + 151. Give m(-4).
43
Let c(l) = 4*l**2 - 3*l - 191. Calculate c(10).
179
Let q(x) = 2*x**3 - 2*x**2 - 65*x - 128. What is q(-2)?
-22
Let w(g) = g**3 + 20*g**2 - 23*g - 42. Calculate w(-19).
756
Let r(v) = 2*v**3 + 257*v**2 - 1482*v - 1082. Calculate r(-134).
-10
Let g(v) = -2*v**3 - 22*v**2 + 6*v + 113. Give g(-11).
47
Let r(z) = 70*z + 1047. What is r(-11)?
277
Let f(x) = x**2 + 57*x + 813. What is f(-30)?
3
Let q(r) = r**3 + 3*r**2 - 205*r + 1004. What is q(5)?
179
Let h(r) = 3*r**3 + 22*r**2 - 8*r - 37. What is h(-6)?
155
Let n(x) = -8*x**3 + 2*x**2 - 2*x. What is n(1)?
-8
Let k(u) = 141*u**3 + 2*u. Give k(-1).
-143
Let s(z) = z**2 + 16*z + 61. What is s(-18)?
97
Let l(j) = -3*j**2 - 84*j + 40. Determine l(-28).
40
Let x(u) = -17*u**3 - 207*u**2 - 37*u - 13. What is x(-12)?
-1
Let x(r) = -2*r**3 - 17*r**2 - 31*r - 38. Determine x(-6).
-32
Let f(u) = -529*u - 3127. Give f(-6).
47
Let p(f) = f**3 - 4*f**2 - 78*f + 416. Determine p(5).
51
Let j(w) = w**2 - 96*w + 1028. Calculate j(12).
20
Let r(v) = 28*v - 1135. Determine r(34).
-183
Let k(b) = b**2 + 18*b + 51. Calculate k(-6).
-21
Let w(n) = 109*n - 377. What is w(5)?
168
Let h(g) = -330*g - 1901. What is h(-6)?
79
Let y(r) = 53*r**2 + 12027*r - 909. Give y(-227).
-1
Let x(c) = -250*c - 494. Give x(-2).
6
Let q(g) = -g**3 + g**2 + 30*g - 61. Give q(3).
11
Let q(u) = 2*u**3 + 109*u**2 - 1344*u + 1359. Calculate q(-65).
-6
Let r(a) = a**3 - 6*a**2 + 84*a - 400. What is r(5)?
-5
Let f(h) = -25*h - 795. Calculate f(-35).
80
Let z(n) = 2*n**3 - 2*n**2 - 16*n + 38. Give z(2).
14
Let k(y) = y**3 - 11*y**2 + 27*y + 5. Determine k(11).
302
Let z(t) = -471*t + 4511. What is z(11)?
-670
Let b(u) = u**3 - 13*u**2 + 19*u - 25. Determine b(11).
-58
Let t(v) = -134*v - 1098. Determine t(-8).
-26
Let o(c) = -c**2 - 84*c + 844. Give o(-93).
7
Let l(z) = -800*z - 14398. Determine l(-18).
2
Let c(x) = 9*x + 39. Determine c(16).
183
Let c(i) = i**3 - 20*i**2 - 10*i + 96. Give c(16).
-1088
Let i(w) = -5*w - 122. Determine i(0).
-122
Let h(c) = -5*c**3 + 45*c**2 - 2*c + 16. Give h(9).
-2
Let i(k) = 1146*k + 8031. Determine i(-7).
9
Let u(y) = 15*y**2 - 126*y + 210. Give u(6).
-6
Let c(a) = -183*a - 181. What is c(-1)?
2
Let i(t) = 26*t + 42. Give i(-7).
-140
Let m(f) = -2*f**2 - 9*f + 13. Give m(-17).
-412
Let g(v) = v**3 - 26*v**2 - 672*v + 5. Determine g(42).
5
Let r(w) = -34*w**2 - 689*w - 53. Give r(-20).
127
Let w(h) = -h**3 + 8*h**2 + 77*h - 278. Determine w(3).
-2
Let w(q) = -q**3 - 12*q**2 - 2*q + 23. Determine w(-11).
-76
Let n(x) = -2*x**3 + 325*x + 174. Calculate n(13).
5
Let a(m) = 75*m**2 + 6*m - 6. Calculate a(0).
-6
Let x(d) = d**3 + 5*d**2 + 8*d - 37. Determine x(-9).
-433
Let f(a) = a**3 + 33*a**2 - 14*a + 94. Give f(-33).
556
Let d(r) = r**2 + 44*r + 143. What is d(-11)?
-220
Let g(l) = -7*l**2 - 305*l - 1224. Give g(-4).
-116
Let j(v) = 66*v - 2945. Give j(44).
-41
Let h(u) = 10*u**2 + 25*u - 96. Determine h(3).
69
Let j(u) = -u**2 - 34*u - 249. What is j(-12)?
15
Let q(k) = 63*k - 693. Determine q(12).
63
Let b(q) = -q**2 - 92*q - 888. Calculate b(-11).
3
Let h(w) = -w**3 + 43*w**2 + 87*w + 114. Calculate h(45).
-21
Let c(t) = -64*t - 522. What is c(-8)?
-10
Let s(f) = 6*f**3 - 25*f**2 - 77*f + 384. Give s(5).
124
Let p(t) = -t**2 - 51*t - 205. Determine p(-41).
205
Let n(o) = 7*o + 17. Give n(-6).
-25
Let u(w) = w**3 + 116*w**2 + 117*w + 186. Determine u(-115).
-44
Let u(t) = -3717*t - 66898. Determine u(-18).
8
Let z(j) = j**2